3*r + s - 15 - 12. Give q(2).
3
Let v = 101 - 162. Let u = v - -66. Let q(i) = -i + 9. Give q(u).
4
Let w(p) = 698*p + 5 - 1 - 148*p**2 + 165*p**2 - 696*p. What is w(-3)?
151
Suppose 0 = -3*d + 12, -4*d - 16 = -23*n + 21*n. Let r(v) = -v**3 + 16*v**2 - 5*v + 78. Determine r(n).
-2
Let m(g) = g**3 - 8*g**2 + 8*g + 6. Suppose b - 28 - 6 = -27. Calculate m(b).
13
Let u(i) = 17*i - 83. Let s(j) = -j**2 - 124*j - 359. Let r be s(-3). Calculate u(r).
-15
Let y(o) be the third derivative of o**7/5040 + o**6/240 - 103*o**5/60 + 3*o**2 + 69*o. Let q(b) be the third derivative of y(b). Give q(-3).
0
Let j be 16/20*(-20)/(-8). Let q(o) = o**j + 0*o**2 - 104*o + 109*o - 1. Calculate q(-6).
5
Suppose -112*k = 17*k + 2*k + 131. Let q(y) be the third derivative of -3*y**5/20 + y**2. Calculate q(k).
-9
Suppose -27*a = 4*r - 26*a + 45, -r - 3 = 3*a. Let o(k) = 6*k + 28. Calculate o(r).
-44
Let o = -148 + 150. Let f(m) = -10 + m**2 + 4 + 5*m**o + 8*m - 5*m**2. Determine f(-8).
-6
Let f(m) = -4*m - 3. Let o(z) = -4*z - 4. Let c(b) = 7*f(b) - 6*o(b). Let v = -575 - -889. Let i = -311 + v. Calculate c(i).
-9
Let b(s) = 8*s - 3. Suppose 14*i - 15*i + 2 = p, -4*p = 3*i - 4. Give b(p).
-19
Let b = 6589 - 6579. Let z(s) = s**2 - 12*s + 16. Determine z(b).
-4
Let j(g) be the third derivative of -g**8/10080 - g**7/560 + 7*g**6/720 + 47*g**5/20 + 22*g**2 - 2*g. Let h(o) be the third derivative of j(o). Calculate h(-5).
2
Let y(q) = 4255*q**2 + 7*q + 3 - 4256*q**2 + 19 + 13. Determine y(11).
-9
Let m(c) be the second derivative of 4/3*c**3 + 0 - 63*c + 1/12*c**4 + 9/2*c**2. What is m(-6)?
-3
Let v = -98 + 113. Suppose 0 = 43*h - 114 - v. Let k(c) = -2*c - 3 + 0*c**3 + 1 - 3*c**2 + c**3. Calculate k(h).
-8
Let a be 2*(99/(-22) - -3). Let r(c) = -3*c**3 + 7*c**2 - 3*c - 7. Let g(y) = -y**3 + y**2 - 1. Let f(i) = -4*g(i) + r(i). Determine f(a).
6
Let y(n) = 2*n - 51. Suppose -153*g - 40 = -155*g. What is y(g)?
-11
Let g(n) = -n + 2. Let v(f) = -f**2 + 15*f - 128. Let c be v(0). Let p = -132 - c. What is g(p)?
6
Let n(q) = -2*q**3 - 13*q**2 - 11. Let d(o) = -3*o**3 - 15*o**2 - 12. Let z(x) = 3*d(x) - 4*n(x). Give z(7).
8
Suppose 3*l = -5*k + 36, -2*k - l - 4*l = 16. Let g(u) = 5*u - 69. What is g(k)?
-9
Let h(v) = 3*v + 9. Let n(z) = z**2 + 40*z + 778 - z**2 - 750 + 5*z**2. Let m be n(-7). Give h(m).
-12
Let q(g) = -44*g + 316. Let v be q(7). Let t(m) = -1 + m + 7 - 2*m. Determine t(v).
-2
Let y be 5 - (-4 + 3)*39. Suppose -11*v = -22 - y. Let i(a) = -a**2 + 4*a + 6. What is i(v)?
-6
Let s(o) be the third derivative of o**5/10 - o**4/3 - 7*o**3/6 + 66*o**2. Let j be s(-1). Let f(b) = -2*b. Calculate f(j).
-14
Suppose -5*d = 3*w - 561, 7*w - 4*w + d - 561 = 0. Suppose w + 103 = -5*o. Let a = o + 65. Let r(x) = x**2 - 9*x + 7. What is r(a)?
-7
Let o = -540 + 543. Let y(j) be the second derivative of 1/6*j**o + 14*j + 0 - 1/2*j**2. What is y(-5)?
-6
Let a(f) be the second derivative of -f**5/20 - 3*f**4/4 - 3*f**3/2 - 6*f**2 - 2*f. Let p = -22727 - -22719. Give a(p).
-4
Let t be (9 - 2) + (-1 - 0). Let f(d) = -8*d**3 + 7*d**2 - 39*d + 4. Let o(v) = -7*v**3 + 7*v**2 - 34*v + 3. Let m(a) = -6*f(a) + 7*o(a). Give m(t).
9
Let i(d) = -d**2 + 39*d + 23. Let h be (-80)/32 - 255/(-6). Determine i(h).
-17
Let l = 9934 - 9951. Let n(k) = 31*k + 533. Calculate n(l).
6
Let o(n) = -4*n**3 - n**2 - 4*n + 4. Let v be (-2 - 36/(-10)) + (-3)/5. Let s be o(v). Let g(q) = -q - 5. Determine g(s).
0
Let k = -206 - -205. Let v be (-2 - k)*(-6 - -3). Let i(x) = -x**2 - 3*x + 1. Determine i(v).
-17
Let s(m) = m - 5 - 3*m - 6*m. Let y(g) = 157 + 22*g - 38 - 34 - 37 - 34. Let w(t) = 8*s(t) + 3*y(t). Give w(2).
6
Let q(b) = -b**3 + 14*b**2 + 16*b - 13. Let a be q(15). Suppose -7 = -j - 3*x + 1, -a*j = 2*x - 4. Let d(v) = -2*v. What is d(j)?
2
Let a(s) be the third derivative of -s**5/60 - 7*s**4/12 + 3*s**3/2 + 2242*s**2. Calculate a(-15).
-6
Let a(k) = -3*k - 13. Suppose -3*i + 63 - 117 = -27. What is a(i)?
14
Let r(v) = 426*v - 10646. Let f be r(25). Let a(q) = -2*q**3 + 11*q**2 - 5*q - 9. Determine a(f).
19
Let b(m) be the first derivative of m**3/3 - 5*m**2/2 - 6*m - 691. Give b(-4).
30
Suppose -3*o = y + 13, -31 = 248*y - 243*y - 2*o. Suppose 0 = 5*x, -6*z = -z + 3*x - 10. Let v(f) = -f**3 + 2 + z + 0 - 1 - 6*f**2 + 8*f. What is v(y)?
-4
Let c(q) = -64*q + 168. Let f be c(3). Let g(v) = v**2 + 17*v - 167. Give g(f).
1
Let c(a) = -a**3 - a**2 + 3*a + 1. Suppose -10*l = -15*l - 4*z - 8, -l + z + 2 = 0. Give c(l).
1
Let v(k) = 6*k + 87. Let t be v(-14). Let j(z) = 2*z**3 + z**2 - 60*z + z**t + 58*z - 2. Give j(-2).
-18
Let z(h) = -2*h**2 - 6*h - 5. Let l be z(-3). Let r be ((-6)/(-7))/(36/168). Let i(j) = -6 + 2 + j**3 + r*j - 6*j**2 + 5*j**2 + 7*j**2. Calculate i(l).
1
Let n(m) be the first derivative of -m**2 - 51*m + 1125. Determine n(-23).
-5
Let v = -7781 - -7781. Let z(s) be the third derivative of 1/120*s**6 + 1/6*s**3 + 0 + 1/12*s**5 + 21*s**2 + v*s + 1/24*s**4. Determine z(-5).
-4
Let f be (8 - 3)/((279/36 + -9)*2). Let d(u) be the first derivative of -u**4/4 - u**3/3 + 3*u**2/2 + u + 3. Calculate d(f).
-1
Let b = 297 + -255. Let y(n) = -n - 40 - b + 85. Suppose -7*x = -2*x - 30. Give y(x).
-3
Let s(y) = -y**3 + 8*y**2 - 9*y + 3. Suppose -43 = -5*q - 4*k, -5*q + 2*k + 31 = -0*q. Calculate s(q).
-11
Let q(z) = -461*z + 56 - 3*z**2 + 498*z - 28. Give q(12).
40
Let q be (10 - 11)*4/(-2 + 0). Suppose 3*h = -q*h - 80. Let f be ((-45)/6)/(12/h) + -2. Let o(i) = i**2 - 9*i + 5. Give o(f).
-3
Suppose 5*c - 22 = -3*v, 16*v = 14*v + 4*c - 22. Let o(m) = -m**3 - 2*m**2 - m. Determine o(v).
0
Let s(z) = -z**2 + 7*z + 4. Suppose 0 = -16*q + 19*q. Suppose -v + 3*v = c, q = -3*c - 4*v + 30. What is s(c)?
10
Suppose 5*g + 3*p - 60 = 0, -g + 6 = 4*p - 6. Let v(a) = 17*a + a**2 + g*a - 35*a. Give v(5).
-5
Let m = -8 + 20. Suppose 0*j + 2*j = -m. Let r be (-1)/(-2)*28/j*3. Let z(h) = 3*h + 1. Calculate z(r).
-20
Let t(p) be the second derivative of -p**4/12 + 5*p**3/6 - p. Suppose -1 = 7*s + 20. Let d be (-153)/(-68)*(-4)/s. Calculate t(d).
6
Let v(h) = 2*h**2 + 1. Let f(q) = 6*q**2 + 6*q - 1. Let z(i) = -f(i) + 2*v(i). Determine z(-2).
7
Let o be 13/(1053/252) + 4/(-36). Let j(f) = f**2 - 10. Determine j(o).
-1
Let b(x) be the second derivative of -x**4/12 - 2*x**3/3 - x**2/2 - 17*x. Suppose 16*q - 19*q + 9 = 0. Suppose 0 = -i + q*i + 10. What is b(i)?
-6
Let g(p) = 21 + 4*p - 20*p - 4144*p**2 + 4143*p**2. Calculate g(-13).
60
Let t(i) = 3*i + 7. Let o(b) be the third derivative of -b**4/24 + 2*b**3 + 12*b**2. Let r be o(17). Give t(r).
-8
Let f = -249 + 257. Let a(g) be the second derivative of -g**5/60 + 7*g**4/24 + g**3 + 4*g**2 + 2*g. Let o(w) be the first derivative of a(w). Determine o(f).
-2
Suppose 7*z = 4 + 17. Let v(g) = -18 + g**z + 23 + 1353*g - 1350*g + 6*g**2. Determine v(-6).
-13
Let r(j) = -j + 4. Let v be r(5). Let s(w) be the second derivative of w**4/12 + w**3/6 + w**2 - 84269*w. Give s(v).
2
Let s(n) = -5*n**2 - n + 1. Suppose -7 = 17*y - 77*y - 127. Give s(y).
-17
Let s(g) = -1559*g - 1553*g + 12 + 2 - 1567*g + 4701*g. Determine s(-5).
-96
Let t = -197263 - -197264. Let m(o) be the second derivative of 7*o**3/3 - o**2/2 - o. What is m(t)?
13
Let h(r) = -34*r + 4. Suppose -148 - 228 = -188*z. What is h(z)?
-64
Let j(v) be the first derivative of 7/2*v**2 - 182 - 1/3*v**3 + 7*v. What is j(5)?
17
Suppose -11*x - 9 = -97. Let a(s) = 2 + 0*s + x*s - 19*s + 2*s + 5*s. Give a(-1).
6
Let u(v) = 44*v - 1. Let b(k) = -7*k - 16*k + 41*k + 21*k - 1. Let f(p) = 3*b(p) - 2*u(p). Give f(-1).
-30
Let s(x) = 21*x**2 + x + 157 - 115 - 20*x**2. What is s(0)?
42
Let d(m) = 2*m - 13. Let o be d(6). Let b be -3 - (-66)/(-2)*o. Let z = 31 - b. Let w(j) = 4*j**2 + j - 1. Calculate w(z).
4
Let w(j) be the first derivative of -228 - 18410*j + 18409*j - j**2 + 82. Determine w(-2).
3
Let z be 6/27 + 0 + (-21)/(-27). Suppose -4*m + 76 = -3*s - s, -m - 5*s + 43 = 0. Suppose z = 12*u - m. Let l(y) = -6*y + 2. Calculate l(u).
-10
Let z(p) be the second derivative of 1/3*p**3 + 0 + 18*p**2 + 1/24*p**4 - 16*p. Let b(r) be the first derivative of z(r). Determine b(-4).
-2
Let g(s) = 2*s + 2. Let n be (-1)/((-6)/(-72))*(-8)/6. Suppose n - 36 = -5*c. Suppose 5*a + 35 = -5*q, -3*a + 6*a - c*q = 0. Determine g(a).
-6
Let b(y